- 5*w + 6. Let x be t(6). Let g = x + m. What are the prime factors of g?
2, 3
Let h(c) = c - 5. Let l be h(7). List the prime factors of 0 - (-6 + l + -3).
7
Suppose 0 = 4*y + y - 30. Let u = y - 2. What are the prime factors of u?
2
Let d be 130/4*(-24)/(-15). Suppose -5*s = 5*i - 105, -4*i + 58 = 5*s - d. List the prime factors of ((-1)/(-2))/(1/s).
13
Suppose -s = 5*x - 30, 78 = 4*s + 5*x - 72. Let k = 19 - s. Let u = k + 32. List the prime factors of u.
11
Let h = -30 + 56. List the prime factors of h.
2, 13
Suppose -3*q + 7 = -8. Suppose -4*o + 40 = -y, 3*o - q = 2*o - y. List the prime factors of o.
3
Suppose 13*c - 1454 = -388. What are the prime factors of c?
2, 41
Suppose v = 3, c - v = -c + 5. What are the prime factors of c?
2
Suppose -d + 0*x = 5*x - 7, -x = d - 3. Suppose 4*b - 18 = d*o + 28, -29 = -2*b + 3*o. Suppose 4*i = -i + b. List the prime factors of i.
2
Let m = 42 - -14. What are the prime factors of m?
2, 7
Let w be (-2 - -11)/((-18)/(-12)). Suppose w*u - 28 = 4*u. List the prime factors of u.
2, 7
What are the prime factors of ((-2 - -4) + -39)/(-1)?
37
Let d(w) = -1. Let y(z) = 13*z**2 - 6. Let i(h) = -5*d(h) + y(h). Let f be i(-1). Let n = f + -3. What are the prime factors of n?
3
Suppose 3*f = -6, k = 5*f + 20 - 8. Let t(c) = 7*c + 1. What are the prime factors of t(k)?
3, 5
Let l(n) = n**2 + 11*n - 11. List the prime factors of l(-14).
31
Suppose 5*x = -5, 629 + 446 = 4*q + x. What are the prime factors of q?
269
Suppose 3*u + 3 + 0 = 0. Let w be (-15)/u*(0 + 1). Suppose 0 = 3*a - 0*a - w. List the prime factors of a.
5
Suppose 4*s = 4*h + h - 348, -3*h - 4*s + 228 = 0. What are the prime factors of h?
2, 3
Let z(y) = y**3 + 9*y**2 + 4*y - 15. List the prime factors of z(-7).
5, 11
Let s(u) be the third derivative of 0*u + 2*u**2 + 3/2*u**3 - 1/3*u**4 - 1/120*u**6 + 2/15*u**5 + 0. List the prime factors of s(7).
2
Let y be ((-16)/10)/(2/(-5)). Suppose 0*f + 2*f - 18 = -y*b, 15 = f - 4*b. What are the prime factors of f?
11
Let n(m) = m**2 + 3*m - 1. Let q be n(-4). Let x(k) = 3*k - 1. What are the prime factors of x(q)?
2
Let m be 288/(-21) + 2/(-7). List the prime factors of (-4)/(-14) - 24/m.
2
Let g = -17 - -30. Let z(p) = 2*p + p + g - 2*p. What are the prime factors of z(0)?
13
Suppose -58 = -7*x + 110. List the prime factors of x.
2, 3
Suppose 2*k + 6*q - 9 = q, -2*k = -5*q + 1. Suppose k*n - 53 = 11. What are the prime factors of n?
2
Suppose r + 4 = x, -7*r + 2*r = -2*x + 11. Suppose c = 13 - x. List the prime factors of (6/5)/(2/c).
2, 3
Let p(l) = l**3 + 2*l**2 - 2*l - 1. Let t = 6 + -4. Let u be p(t). Suppose 0 = k + 3*k + 3*y - u, 3*y - 5 = -k. What are the prime factors of k?
2
Let l(a) = a**3 - 2*a**2 + 3*a - 3. Let u be ((-4)/(-3))/((-2)/(-3)). Suppose 0*h + 9 = -2*r - 3*h, 3*r - 19 = u*h. List the prime factors of l(r).
3, 5
Suppose -2*m + 5*m = 90. Suppose -k + 0*k + m = 0. List the prime factors of k.
2, 3, 5
Suppose 3*v + 0*v = 0. What are the prime factors of 3 - (1 + -1) - v?
3
Suppose 0*x = -4*x + 60. Suppose 0*h - x = -5*h. Suppose 5*q = -h*k - 4, -5*q = -3*k - 0*q + 16. What are the prime factors of k?
2
Let p(t) = -t**2 + 10*t + 3. Suppose 45 = j + 4*j. List the prime factors of p(j).
2, 3
Let d(v) = v + 8. Let b be d(-7). Suppose -4 = z + 2*y, -b = 4*z - 0*y + 3*y. Suppose z*o + 2 = 0, -2*x + 2*o = 4*o - 30. What are the prime factors of x?
2
List the prime factors of ((-62)/(-3))/((-4)/(-24) + 0).
2, 31
Suppose 5*w = 1 - 6. Let q be w/4 + (-20)/(-16). What are the prime factors of (q - 2)/((-3)/12)?
2
Suppose 5*r - 142 = 3*k, 0*k + 122 = 5*r + 2*k. What are the prime factors of r?
2, 13
Let q be 2/3 + 130/(-15). Let z = q - -22. List the prime factors of -2 - 4/((-8)/z).
5
Let m(n) be the second derivative of 13*n**4/6 + n**3/6 + n**2/2 + 5*n. What are the prime factors of m(-1)?
2, 13
Let u(f) = -f**2 - 4*f - 2. Let n be u(-3). Let w = 6 - n. Suppose -5*l = -m - 4 + 24, -5*l = w*m - 40. What are the prime factors of m?
2, 5
Suppose 2*s + 5*p - 165 = 0, 0*s + 4*p - 258 = -3*s. List the prime factors of s.
2, 3, 5
Suppose -3*p = -9, 4*z + z = -3*p + 124. List the prime factors of z.
23
Suppose -z = 5*q - 3*z + 9, -3*z + 2 = 4*q. Let i(c) = 2*c - 2*c - 3*c + 2*c + 1. List the prime factors of i(q).
2
Suppose 20 = 4*v + 5*z, 13 = 3*v + 3*z + 1. Suppose -94 = -2*j + 2*p, 3*j + p = -v*p + 129. What are the prime factors of j?
2, 11
Suppose 0 = 4*l - 5*f - 1360, f - 56 = 3*l - 1076. What are the prime factors of l?
2, 5, 17
Let b(j) = -j + 12. Let k be b(9). Let y be 1*(-2)/((-4)/10). Suppose 0 = -3*i - k - 9, 35 = y*d + 5*i. What are the prime factors of d?
11
Suppose 4*d = 131 + 317. Let o = -79 + d. List the prime factors of o.
3, 11
Suppose 0 = -0*g - g - 6. Let h be (20/6)/(2/(-6)). Let a = g - h. What are the prime factors of a?
2
Let g be 11*(-2)/((-6)/45). Suppose b = -4*b + g. List the prime factors of b.
3, 11
Suppose -4*k - 3*x - 1 - 4 = 0, 0 = -3*k + 5*x - 40. Let o(b) = 2*b**2 + 6*b - 6. List the prime factors of o(k).
2, 7
What are the prime factors of ((-102)/8)/(6/(-24))?
3, 17
Let j(f) = 4*f**2 - 11*f + 6. Let s(r) = -5*r**2 + 12*r - 5. Let k(g) = -6*j(g) - 5*s(g). What are the prime factors of k(-8)?
5
Suppose -3*v + 0*v = 42. Let h = v + 30. What are the prime factors of h?
2
Suppose 388 + 44 = 6*d. List the prime factors of d.
2, 3
Let i be 1 + -1 + (-2 - -6). Suppose 16 = -i*v + 56. List the prime factors of v.
2, 5
Let u = 151 - 98. List the prime factors of u.
53
Let d(f) = f**3 - 4*f**2 + 5. Let y be d(4). Suppose 3*q = -4*t - 61, -y*q + 3*t - t = 93. List the prime factors of q/1*-1 - 0.
19
Let s(f) = 2*f. Let l be s(-1). Let t = l + 4. What are the prime factors of t?
2
Suppose 0 = -4*p - u - 4*u + 68, -2*u = -3*p + 51. Suppose 0 = -5*c + 8 + 7. Suppose 4*n + 4*i + 20 - 8 = 0, -p = -n + c*i. List the prime factors of n.
2
Suppose -44 - 56 = 4*w. Let q = 1 - w. What are the prime factors of q?
2, 13
Let d(n) = -5*n**3 + 2*n**2 + n. Suppose -u - 4 = -3. What are the prime factors of d(u)?
2, 3
Let l(m) = -m**3 - 3*m + 83. List the prime factors of l(0).
83
Let w = -50 - -115. What are the prime factors of w?
5, 13
Let i(v) = -v**3 + 6*v**2 - 4*v - 7. Let t be i(5). Let d be -4*t*(-1)/(-2). Suppose -28 - 24 = -d*g. What are the prime factors of g?
13
Suppose 2*x - 3 = 1. Suppose 37 = 3*z + j, -8*j = -x*z - 3*j + 36. List the prime factors of z.
13
Let f = 7 - 6. What are the prime factors of f + 1 + 0 + 5?
7
Let m be -70 + (1 - 2)*-2. Let g be (m/(-10))/((-3)/(-15)). Let h = 47 - g. List the prime factors of h.
13
Suppose -b - u + 18 + 16 = 0, -b - 5*u = -22. Let c = 54 - b. List the prime factors of c.
17
Suppose -3*z + 24 = -5*n, -3*z + 4*z - 8 = 2*n. What are the prime factors of z?
2
Suppose n - 250 = -3*b - 0*n, 5*n = -b + 60. List the prime factors of b.
5, 17
What are the prime factors of (-2)/5 + 602/5?
2, 3, 5
Let o(u) be the second derivative of -u**6/720 + u**5/24 + u**4/6 - u. Let v(g) be the third derivative of o(g). List the prime factors of v(-7).
2, 3
Let h = 9 + -1. Let s(y) = y**3 - 9*y**2 + 8*y + 5. Let u be s(h). Suppose -3*i = 3*w, u = -2*w - 5*i - 1. What are the prime factors of w?
2
Let j = 0 - -3. Let h(c) = -5 + j*c + 3 - 1. What are the prime factors of h(5)?
2, 3
Suppose 5*w + 20 = 5*l, -l + 0*l - 5*w + 4 = 0. Suppose 5*c + l + 1 = -5*p, -2 = -4*p + 2*c. Suppose -5*h + 10 = -p*h. List the prime factors of h.
2
Let y(s) = -8*s**2 + 2*s - 2. Let i be y(2). Let w = 52 + i. Let t = -16 + w. What are the prime factors of t?
2, 3
Suppose -2*t + 2 = p - 0, 2*t - 8 = -2*p. Let b(g) = -3*g + 2. Let u be b(p). Let i = u + 26. What are the prime factors of i?
2, 5
Suppose -10 = 3*g - 28. What are the prime factors of g*(-4)/6 + 51?
47
Suppose 5*n - 6 - 4 = 0. Suppose -31 = -n*g - z, 3*g - 5*g + 4*z + 46 = 0. List the prime factors of g.
17
Let t(y) = -y**2 + 27*y + 7. List the prime factors of t(12).
11, 17
Let c(s) = -s**2 - 10*s - 11. Let k = 23 - -3. Suppose -k = 4*x + 3*b, 2*b = -5*x - 2*b - 32. What are the prime factors of c(x)?
5
Let q(t) be the third derivative of -1/12*t**5 + 0*t + t**2 + 0 - 5/6*t**3 - 1/12*t**4 - 1/120*t**6. What are the prime factors of q(-5)?
5
List the prime factors of 32/(-48)*33/(-2).
11
List the prime factors of (46